i) be the second derivative of i**4/12 - 2*i**3/3 + 3*i**2/2 - 2*i. Let g be n(4). Suppose -2*j + g = -1. What is the units digit of j?
2
Let v(y) = 2*y - 10. Let w be v(7). Suppose 0 = -l + 12 + w. Let i = l + -8. What is the units digit of i?
8
Suppose l = -4*l + 205. What is the units digit of l?
1
Let k(o) = -o**3 + 11*o**2 + 8*o + 3. What is the hundreds digit of k(9)?
2
Let m(f) = -f**3 - 2*f**2 + f + 33. What is the tens digit of m(0)?
3
Let t(j) = -2*j**3 - 8*j**2 + j + 9. What is the units digit of t(-6)?
7
Suppose 5*k - 3*z - 14 = 0, 2*z - 15 + 7 = -k. Suppose 5*t - t = -3*b, k*b = -5*t. Let j = t + 3. What is the units digit of j?
3
Let h = 11 - -4. Suppose -3*c + h = 2*c. What is the units digit of c?
3
Suppose -2*p = -10 + 32. What is the units digit of -4*1*p/4?
1
Suppose n - 38 = -2*p, 2*n + 3*p + 28 = 108. What is the tens digit of n?
4
Let z(x) be the second derivative of x**4/12 - 5*x**3/6 - 5*x**2 + 4*x. What is the units digit of z(8)?
4
Let y(g) be the third derivative of 0 - g**2 + 0*g - 1/6*g**3 + 1/12*g**4. What is the units digit of y(5)?
9
Let v(u) = -3*u + 10. Let t be v(-10). Suppose 0*w + t = 2*w. Suppose -1 - w = -r. What is the units digit of r?
1
Let c(q) = -2*q - 1. Suppose -3*n + 12 = -6*n. What is the units digit of c(n)?
7
What is the tens digit of (6/(-9))/((-4)/(114*2))?
3
What is the tens digit of (-5)/10*-26*3?
3
Suppose 0 = 5*u - b + 22, -2*u = -4*u - 5*b - 25. Let d(o) = 3*o**2 + 7*o + 3. What is the tens digit of d(u)?
4
What is the tens digit of ((-3)/4)/(9/(-540))?
4
Suppose 0 = -5*y + 19*y - 84. What is the units digit of y?
6
Suppose -z + 584 = 5*w, -2*w + 239 = 4*z - 9*z. Suppose 5*b - 4*p = w, -90 = -5*b + p + 18. What is the tens digit of b?
2
Let g(p) = -14*p**3 + 2*p - 1. Let j be g(1). Let o = j - -33. Suppose -3*c = 3*s - 6, 2*c - s - o = s. What is the units digit of c?
6
Suppose 4*l - 88 = -4*i, -l + i + 14 + 6 = 0. Let v = l - 9. What is the tens digit of v?
1
Let f(z) = -z**3 + 4*z**2 - 3*z. Suppose d - c = -2, -3*d + 4*c + 14 = 5*c. Let w be f(d). Suppose -4*i + 1 + 3 = w. What is the units digit of i?
1
Let p(n) = 7*n**3 + 3*n**2 - 5*n - 6*n**3 - 9*n**2 - 1. What is the units digit of p(7)?
3
Let m = -18 - -14. Let r = m + 19. What is the tens digit of r?
1
Let o(u) = 5*u + 48. What is the hundreds digit of o(17)?
1
Let t be (10/15)/((-2)/(-21)). Suppose -2*i - 30 = -t*i. What is the units digit of 16/(-6)*i/(-4)?
4
Let r(d) = d**2 + 10*d + 13. What is the units digit of r(-11)?
4
Suppose i + 15 = 5*f + 95, -3*f + 344 = 5*i. Suppose 4*g - i = 2*g. What is the units digit of g?
5
Suppose -x + 3*j = -74, -2*j - 145 - 11 = -2*x. What is the units digit of x?
0
Let u(v) = -v**3 - 4*v**2 + 5*v - 5. Let i be u(-5). What is the units digit of (8/i)/((-6)/45)?
2
Suppose 480 = 4*n + n. What is the units digit of n?
6
Let v(k) = 13*k**3 + k**2 - 1. Let p be v(1). Suppose -g + 13 = -3*h + 4, 3*g = -h - p. Let x = h - -7. What is the units digit of x?
3
Let u(j) = -j**3 - 10*j**2 - 11*j + 12. What is the tens digit of u(-9)?
3
Let t be (37/2)/((-2)/(-4)). Suppose t = a + 2*r, 0*r - 196 = -5*a + r. What is the units digit of a?
9
Suppose 35 + 0 = 5*n. What is the units digit of n?
7
Suppose -s = -0*s - v + 49, -236 = 5*s + 4*v. What is the units digit of -7 - (-16)/4 - s?
5
Suppose 6*t - 4*t + 3*x = 19, -x + 1 = -2*t. Suppose 24 = t*h - 0*h. What is the tens digit of h?
1
Suppose 145 = 5*s - 50. What is the units digit of s?
9
Suppose -3*c + 2*c = 0. Let f(t) = -t**3 + 6*t**2 + t - 2. Let n be f(6). Suppose c = n*s - 8*s + 12. What is the units digit of s?
3
Suppose 0 = 2*y - 5*k + 47 - 238, -2*k = 6. What is the units digit of y?
8
Let n = 7 + -11. What is the units digit of -30*((-6)/n - 2)?
5
Let r(w) be the second derivative of -w**4/12 + 5*w**3/3 - 6*w**2 - 3*w. What is the units digit of r(8)?
4
Suppose -5*t = -11 + 1. Suppose -2*c + 10 = 0, 17 - 6 = i + t*c. What is the units digit of i?
1
Suppose -5*l - 28 + 170 = -h, -l - 4*h + 41 = 0. What is the tens digit of l?
2
Suppose 0 = 2*u - 3*u + 3. Let g(o) = 6*o. What is the units digit of g(u)?
8
Suppose -2*s + 2 = 0, -3*t - 5*s + 52 = -73. What is the tens digit of t?
4
Let j = 386 - 38. What is the tens digit of j?
4
Suppose 3*c = 2*m - 7*m + 22, c + 5*m = 14. What is the units digit of c/((-9)/15 - -1)?
0
Suppose 0 = 2*d + 3*d - 200. Suppose -t - 2*t - 4 = -4*v, 5*v = -5*t + d. Suppose 12 = -v*x + 8*x. What is the units digit of x?
3
Let i(m) = 4*m**3 + 2*m - 2. Let o be i(1). Suppose 4*t + 0*n + 2*n = 114, 0 = -5*t + o*n + 175. What is the tens digit of t?
3
Let p = 4 + -3. Suppose 5*f - 3 = 2*a, 5*a - 4*f - 2 = 16. Suppose 9 + a = -3*b, 2*r + 5*b = p. What is the tens digit of r?
1
Let n(x) = x - 10. Let k be n(9). Let o = k + 4. Suppose -3*y - 4*g = -16, -o*y = -g - 0*g - 11. What is the units digit of y?
4
Let f be 1*(-4 - (4 - 9)). What is the tens digit of f/(-4) - (-260)/16?
1
Let o(b) = b**3 - 6*b**2 + 17. What is the hundreds digit of o(9)?
2
Let u = -42 + 198. What is the hundreds digit of u?
1
Let p = -15 + 20. Let n = 13 - p. What is the units digit of n?
8
Let i = 78 - 34. What is the tens digit of i?
4
Let y be 1 + -2 + 9/3. Suppose -36 = -4*b + 4*m, -y*b = 2*m + 3*m - 18. Suppose -b*o + 4*o + 25 = 0. What is the units digit of o?
5
Suppose -6*d + 1122 - 342 = 0. What is the hundreds digit of d?
1
Suppose -2*i + 2 = 0, 4*x - 4*i - 9 = -i. What is the units digit of x?
3
Let y be (-2 - -3)/(4/16). Let z(s) = s - 1. Let n be z(1). Suppose -v - y*d + n = -4, -4*d = -3*v + 44. What is the tens digit of v?
1
Suppose -17*x + 14*x = -156. What is the tens digit of x?
5
Suppose 3*y = -z - y - 29, -4*z - 4*y = 68. What is the tens digit of (2 + z/3)*-6?
1
Let q = 316 - 176. What is the tens digit of q?
4
Let n = -10 + 9. Let i(h) = 10*h**2 - 1. Let j be i(n). What is the units digit of 5 + j/(-3) + 0?
2
Let v(k) = -k**2 + 2*k + 4. Let o be v(5). What is the units digit of (o - -8) + (-1 - -10)?
6
Suppose 5*u - 123 = -3*d, 4*u - 92 - 7 = -3*d. What is the tens digit of u?
2
Let c = -5 - -4. Let k(f) = 12*f**2 + 2*f + 1. What is the units digit of k(c)?
1
Let s = 22 + -16. Suppose s*n - n - 100 = 0. What is the tens digit of n?
2
Let l(m) = -11*m + 7. Let q(c) = -5*c + 3. Let v(n) = 6*l(n) - 13*q(n). What is the units digit of v(-8)?
1
Suppose -i + 0*i = -35. What is the units digit of i?
5
Let c = 3 + 9. Suppose c = p - 2. What is the units digit of p?
4
Let u(j) = 3 + 3 + 4*j - 5*j. Let g be u(6). What is the units digit of (-16)/(-2) - (0 + g)?
8
Let b(z) = -z**3 + 14*z**2 - 9*z - 12. What is the tens digit of b(13)?
4
Suppose 8*x + 1 = 9*x, -1733 = -5*w - 3*x. What is the units digit of w?
6
Suppose -4*v + 15 = -21. What is the units digit of v?
9
Let z(g) = -g**3 - 7*g**2 - 4*g + 1. Let a be z(-4). Let o = a + 57. What is the units digit of o?
6
Let a(k) = -k**3 + 10*k**2 - 13*k + 11. Let o be a(8). Suppose -5*u = 4*w + 34 + 47, 3*u = w + 33. Let d = o + w. What is the tens digit of d?
1
Suppose 2*f + 18 = 94. Suppose -k + f = 4*x - 3*k, x - k - 8 = 0. What is the tens digit of x?
1
Let s be ((-12)/9)/((-6)/9). Suppose 0 = 4*q - s*q - 74. Suppose -3*g = -4*m - 57, -5*g + q + 58 = 5*m. What is the tens digit of g?
1
Let h = 11 + -8. Let g = h + -3. Suppose g = -6*z + 3*z + 18. What is the units digit of z?
6
Let f = -423 + 730. What is the tens digit of f?
0
Let g(z) = -z**3 - 4*z**2 + z + 4. Let m be g(-4). Let b = 7 + m. What is the units digit of b?
7
Let p = 344 - 104. What is the units digit of p?
0
Suppose -3*w + 155 = 4*u, 2*u + u - 3*w - 90 = 0. Let z = -21 + u. What is the units digit of z?
4
Let g be -1 - (-8)/(2 + -1). Suppose 51 = 2*y + g. What is the units digit of y?
2
Suppose -7*t = -8*t + 1. What is the units digit of t?
1
Suppose 5*z + 5*g - 400 = 0, -g = z - 6*g - 50. What is the units digit of z?
5
Let s = -1 - -3. Let c(y) = 0*y - y - y**s - 5*y + 2 + 0*y. What is the units digit of c(-6)?
2
Let j = 16 + -12. What is the units digit of j?
4
Let m = 28 + 24. What is the tens digit of m?
5
Suppose 3*y = -y - 2*b + 44, 2*b = 8. Let g(f) = f**3 - 8*f**2 - 7*f - 13. What is the units digit of g(y)?
5
Let c be 24/42*(-14)/(-4). Suppose c*j + 2*q - 46 = 0, q = -3*j - 7 + 80. What is the units digit of j?
5
Let r = 